{"id":2766,"date":"2024-09-24T11:24:34","date_gmt":"2024-09-24T09:24:34","guid":{"rendered":"https:\/\/benavente.developersasapglobalsolution.com\/monumento\/casa-del-cervato\/"},"modified":"2024-10-10T18:11:24","modified_gmt":"2024-10-10T16:11:24","slug":"casa-del-cervato","status":"publish","type":"monumento","link":"https:\/\/turismobenavente.es\/en\/monument\/casa-del-cervato\/","title":{"rendered":"Casa del Cervato"},"content":{"rendered":"\n<p>Also known as Casa de los Rodr\u00edguez, it was ordered to be built as a family residence by the politician and landowner Jos\u00e9 Rodr\u00edguez y Rodr\u00edguez, who belonged to the so-called &#8220;clan of the Cervatos&#8221; (originally from the town of Villardeciervos in Carballos). It is a building that participates in its set of nineteenth-century historicism. <\/p>\n\n<p>The work of the Benavente architect Segundo Viloria Escarda dates from 1881.<\/p>\n\n<p>The handcrafted weathervane that crowns the building and that alludes to the traditional race of the bull during the festivities of Benavente is striking.<\/p>\n","protected":false},"featured_media":3121,"template":"","meta":{"_acf_changed":false},"class_list":["post-2766","monumento","type-monumento","status-publish","has-post-thumbnail","hentry"],"acf":{"galeria":[3121,3123,3125,3127,3129,3131],"mapa":{"address":"Casa del Cervato, Plaza del Grano, Benavente, Espa\u00f1a","lat":42.00319460000001,"lng":-5.6769946,"zoom":14,"place_id":"ChIJOz8fxhlNOA0R6yV9dlhlYKE","name":"Casa del Cervato","street_number":6,"street_name":"Plaza del Grano","street_name_short":"Pl. del Grano","city":"Benavente","state":"Castilla y Le\u00f3n","state_short":"CL","post_code":49600,"country":"Espa\u00f1a","country_short":"ES"},"direccion":"Grain Square","localidad":"Benavente","duracion":"","horarios":""},"yoast_head":"<!-- This site is optimized with the Yoast SEO plugin v27.1.1 - https:\/\/yoast.com\/product\/yoast-seo-wordpress\/ -->\n<title>Casa del Cervato - Turismo y Cultura Benavente<\/title>\n<meta name=\"robots\" content=\"noindex, follow, max-snippet:-1, max-image-preview:large, max-video-preview:-1\" \/>\n<meta property=\"og:locale\" content=\"en_US\" \/>\n<meta property=\"og:type\" content=\"article\" \/>\n<meta property=\"og:title\" content=\"Casa del Cervato - Turismo y Cultura Benavente\" \/>\n<meta property=\"og:description\" content=\"Also known as Casa de los Rodr\u00edguez, it was ordered to be built as a family residence by the politician and landowner Jos\u00e9 Rodr\u00edguez y Rodr\u00edguez, who belonged to the so-called &#8220;clan of the Cervatos&#8221; (originally from the town of Villardeciervos in Carballos). It is a building that participates in its set of nineteenth-century historicism. [&hellip;]\" \/>\n<meta property=\"og:url\" content=\"https:\/\/turismobenavente.es\/en\/monument\/casa-del-cervato\/\" \/>\n<meta property=\"og:site_name\" content=\"Turismo y Cultura Benavente\" \/>\n<meta property=\"article:modified_time\" content=\"2024-10-10T16:11:24+00:00\" \/>\n<meta property=\"og:image\" content=\"https:\/\/turismobenavente.es\/wp-content\/uploads\/2024\/09\/pat_cervato_1.jpg\" \/>\n\t<meta property=\"og:image:width\" content=\"800\" \/>\n\t<meta property=\"og:image:height\" content=\"600\" \/>\n\t<meta property=\"og:image:type\" content=\"image\/jpeg\" \/>\n<meta name=\"twitter:card\" content=\"summary_large_image\" \/>\n<script type=\"application\/ld+json\" class=\"yoast-schema-graph\">{\"@context\":\"https:\/\/schema.org\",\"@graph\":[{\"@type\":\"WebPage\",\"@id\":\"https:\/\/turismobenavente.es\/en\/monument\/casa-del-cervato\/\",\"url\":\"https:\/\/turismobenavente.es\/en\/monument\/casa-del-cervato\/\",\"name\":\"Casa del Cervato - Turismo y Cultura Benavente\",\"isPartOf\":{\"@id\":\"https:\/\/turismobenavente.es\/en\/#website\"},\"primaryImageOfPage\":{\"@id\":\"https:\/\/turismobenavente.es\/en\/monument\/casa-del-cervato\/#primaryimage\"},\"image\":{\"@id\":\"https:\/\/turismobenavente.es\/en\/monument\/casa-del-cervato\/#primaryimage\"},\"thumbnailUrl\":\"https:\/\/turismobenavente.es\/wp-content\/uploads\/2024\/09\/pat_cervato_1.jpg\",\"datePublished\":\"2024-09-24T09:24:34+00:00\",\"dateModified\":\"2024-10-10T16:11:24+00:00\",\"breadcrumb\":{\"@id\":\"https:\/\/turismobenavente.es\/en\/monument\/casa-del-cervato\/#breadcrumb\"},\"inLanguage\":\"en-US\",\"potentialAction\":[{\"@type\":\"ReadAction\",\"target\":[\"https:\/\/turismobenavente.es\/en\/monument\/casa-del-cervato\/\"]}]},{\"@type\":\"ImageObject\",\"inLanguage\":\"en-US\",\"@id\":\"https:\/\/turismobenavente.es\/en\/monument\/casa-del-cervato\/#primaryimage\",\"url\":\"https:\/\/turismobenavente.es\/wp-content\/uploads\/2024\/09\/pat_cervato_1.jpg\",\"contentUrl\":\"https:\/\/turismobenavente.es\/wp-content\/uploads\/2024\/09\/pat_cervato_1.jpg\",\"width\":800,\"height\":600},{\"@type\":\"BreadcrumbList\",\"@id\":\"https:\/\/turismobenavente.es\/en\/monument\/casa-del-cervato\/#breadcrumb\",\"itemListElement\":[{\"@type\":\"ListItem\",\"position\":1,\"name\":\"Portada\",\"item\":\"https:\/\/turismobenavente.es\/en\/\"},{\"@type\":\"ListItem\",\"position\":2,\"name\":\"Casa del Cervato\"}]},{\"@type\":\"WebSite\",\"@id\":\"https:\/\/turismobenavente.es\/en\/#website\",\"url\":\"https:\/\/turismobenavente.es\/en\/\",\"name\":\"Turismo y Cultura Benavente\",\"description\":\"\",\"publisher\":{\"@id\":\"https:\/\/turismobenavente.es\/en\/#organization\"},\"potentialAction\":[{\"@type\":\"SearchAction\",\"target\":{\"@type\":\"EntryPoint\",\"urlTemplate\":\"https:\/\/turismobenavente.es\/en\/?s={search_term_string}\"},\"query-input\":{\"@type\":\"PropertyValueSpecification\",\"valueRequired\":true,\"valueName\":\"search_term_string\"}}],\"inLanguage\":\"en-US\"},{\"@type\":\"Organization\",\"@id\":\"https:\/\/turismobenavente.es\/en\/#organization\",\"name\":\"Turismo y Cultura Benavente\",\"url\":\"https:\/\/turismobenavente.es\/en\/\",\"logo\":{\"@type\":\"ImageObject\",\"inLanguage\":\"en-US\",\"@id\":\"https:\/\/turismobenavente.es\/en\/#\/schema\/logo\/image\/\",\"url\":\"https:\/\/turismobenavente.es\/wp-content\/uploads\/2024\/09\/logo_header.svg\",\"contentUrl\":\"https:\/\/turismobenavente.es\/wp-content\/uploads\/2024\/09\/logo_header.svg\",\"caption\":\"Turismo y Cultura Benavente\"},\"image\":{\"@id\":\"https:\/\/turismobenavente.es\/en\/#\/schema\/logo\/image\/\"}}]}<\/script>\n<!-- \/ Yoast SEO plugin. -->","yoast_head_json":{"title":"Casa del Cervato - Turismo y Cultura Benavente","robots":{"index":"noindex","follow":"follow","max-snippet":"max-snippet:-1","max-image-preview":"max-image-preview:large","max-video-preview":"max-video-preview:-1"},"og_locale":"en_US","og_type":"article","og_title":"Casa del Cervato - Turismo y Cultura Benavente","og_description":"Also known as Casa de los Rodr\u00edguez, it was ordered to be built as a family residence by the politician and landowner Jos\u00e9 Rodr\u00edguez y Rodr\u00edguez, who belonged to the so-called &#8220;clan of the Cervatos&#8221; (originally from the town of Villardeciervos in Carballos). It is a building that participates in its set of nineteenth-century historicism. [&hellip;]","og_url":"https:\/\/turismobenavente.es\/en\/monument\/casa-del-cervato\/","og_site_name":"Turismo y Cultura Benavente","article_modified_time":"2024-10-10T16:11:24+00:00","og_image":[{"width":800,"height":600,"url":"https:\/\/turismobenavente.es\/wp-content\/uploads\/2024\/09\/pat_cervato_1.jpg","type":"image\/jpeg"}],"twitter_card":"summary_large_image","schema":{"@context":"https:\/\/schema.org","@graph":[{"@type":"WebPage","@id":"https:\/\/turismobenavente.es\/en\/monument\/casa-del-cervato\/","url":"https:\/\/turismobenavente.es\/en\/monument\/casa-del-cervato\/","name":"Casa del Cervato - Turismo y Cultura Benavente","isPartOf":{"@id":"https:\/\/turismobenavente.es\/en\/#website"},"primaryImageOfPage":{"@id":"https:\/\/turismobenavente.es\/en\/monument\/casa-del-cervato\/#primaryimage"},"image":{"@id":"https:\/\/turismobenavente.es\/en\/monument\/casa-del-cervato\/#primaryimage"},"thumbnailUrl":"https:\/\/turismobenavente.es\/wp-content\/uploads\/2024\/09\/pat_cervato_1.jpg","datePublished":"2024-09-24T09:24:34+00:00","dateModified":"2024-10-10T16:11:24+00:00","breadcrumb":{"@id":"https:\/\/turismobenavente.es\/en\/monument\/casa-del-cervato\/#breadcrumb"},"inLanguage":"en-US","potentialAction":[{"@type":"ReadAction","target":["https:\/\/turismobenavente.es\/en\/monument\/casa-del-cervato\/"]}]},{"@type":"ImageObject","inLanguage":"en-US","@id":"https:\/\/turismobenavente.es\/en\/monument\/casa-del-cervato\/#primaryimage","url":"https:\/\/turismobenavente.es\/wp-content\/uploads\/2024\/09\/pat_cervato_1.jpg","contentUrl":"https:\/\/turismobenavente.es\/wp-content\/uploads\/2024\/09\/pat_cervato_1.jpg","width":800,"height":600},{"@type":"BreadcrumbList","@id":"https:\/\/turismobenavente.es\/en\/monument\/casa-del-cervato\/#breadcrumb","itemListElement":[{"@type":"ListItem","position":1,"name":"Portada","item":"https:\/\/turismobenavente.es\/en\/"},{"@type":"ListItem","position":2,"name":"Casa del Cervato"}]},{"@type":"WebSite","@id":"https:\/\/turismobenavente.es\/en\/#website","url":"https:\/\/turismobenavente.es\/en\/","name":"Turismo y Cultura Benavente","description":"","publisher":{"@id":"https:\/\/turismobenavente.es\/en\/#organization"},"potentialAction":[{"@type":"SearchAction","target":{"@type":"EntryPoint","urlTemplate":"https:\/\/turismobenavente.es\/en\/?s={search_term_string}"},"query-input":{"@type":"PropertyValueSpecification","valueRequired":true,"valueName":"search_term_string"}}],"inLanguage":"en-US"},{"@type":"Organization","@id":"https:\/\/turismobenavente.es\/en\/#organization","name":"Turismo y Cultura Benavente","url":"https:\/\/turismobenavente.es\/en\/","logo":{"@type":"ImageObject","inLanguage":"en-US","@id":"https:\/\/turismobenavente.es\/en\/#\/schema\/logo\/image\/","url":"https:\/\/turismobenavente.es\/wp-content\/uploads\/2024\/09\/logo_header.svg","contentUrl":"https:\/\/turismobenavente.es\/wp-content\/uploads\/2024\/09\/logo_header.svg","caption":"Turismo y Cultura Benavente"},"image":{"@id":"https:\/\/turismobenavente.es\/en\/#\/schema\/logo\/image\/"}}]}},"_links":{"self":[{"href":"https:\/\/turismobenavente.es\/en\/wp-json\/wp\/v2\/monumento\/2766","targetHints":{"allow":["GET"]}}],"collection":[{"href":"https:\/\/turismobenavente.es\/en\/wp-json\/wp\/v2\/monumento"}],"about":[{"href":"https:\/\/turismobenavente.es\/en\/wp-json\/wp\/v2\/types\/monumento"}],"acf:attachment":[{"embeddable":true,"href":"https:\/\/turismobenavente.es\/en\/wp-json\/wp\/v2\/media\/3131"},{"embeddable":true,"href":"https:\/\/turismobenavente.es\/en\/wp-json\/wp\/v2\/media\/3129"},{"embeddable":true,"href":"https:\/\/turismobenavente.es\/en\/wp-json\/wp\/v2\/media\/3127"},{"embeddable":true,"href":"https:\/\/turismobenavente.es\/en\/wp-json\/wp\/v2\/media\/3125"},{"embeddable":true,"href":"https:\/\/turismobenavente.es\/en\/wp-json\/wp\/v2\/media\/3123"},{"embeddable":true,"href":"https:\/\/turismobenavente.es\/en\/wp-json\/wp\/v2\/media\/3121"}],"wp:featuredmedia":[{"embeddable":true,"href":"https:\/\/turismobenavente.es\/en\/wp-json\/wp\/v2\/media\/3121"}],"wp:attachment":[{"href":"https:\/\/turismobenavente.es\/en\/wp-json\/wp\/v2\/media?parent=2766"}],"curies":[{"name":"wp","href":"https:\/\/api.w.org\/{rel}","templated":true}]}}

<p>Also known as Casa de los Rodríguez, it was ordered to be built as a family residence by the politician and landowner José Rodríguez y Rodríguez, who belonged to the so-called &#8220;clan of the Cervatos&#8221; (originally from the town of Villardeciervos in Carballos). It is a building that participates in its set of nineteenth-century historicism. </p>

<p>The work of the Benavente architect Segundo Viloria Escarda dates from 1881.</p>

<p>The handcrafted weathervane that crowns the building and that alludes to the traditional race of the bull during the festivities of Benavente is striking.</p>

Casa del Cervato, Plaza del Grano, Benavente, España

Castilla y León

España

<!-- This site is optimized with the Yoast SEO plugin v27.1.1 - https://yoast.com/product/yoast-seo-wordpress/ -->
<title>Casa del Cervato - Turismo y Cultura Benavente</title>
<meta name="robots" content="noindex, follow, max-snippet:-1, max-image-preview:large, max-video-preview:-1" />
<meta property="og:locale" content="en_US" />
<meta property="og:type" content="article" />
<meta property="og:title" content="Casa del Cervato - Turismo y Cultura Benavente" />
<meta property="og:description" content="Also known as Casa de los Rodríguez, it was ordered to be built as a family residence by the politician and landowner José Rodríguez y Rodríguez, who belonged to the so-called &#8220;clan of the Cervatos&#8221; (originally from the town of Villardeciervos in Carballos). It is a building that participates in its set of nineteenth-century historicism. [&hellip;]" />
<meta property="og:url" content="https://turismobenavente.es/en/monument/casa-del-cervato/" />
<meta property="og:site_name" content="Turismo y Cultura Benavente" />
<meta property="article:modified_time" content="2024-10-10T16:11:24+00:00" />
<meta property="og:image" content="https://turismobenavente.es/wp-content/uploads/2024/09/pat_cervato_1.jpg" />
	<meta property="og:image:width" content="800" />
	<meta property="og:image:height" content="600" />
	<meta property="og:image:type" content="image/jpeg" />
<meta name="twitter:card" content="summary_large_image" />
<script type="application/ld+json" class="yoast-schema-graph">{"@context":"https://schema.org","@graph":[{"@type":"WebPage","@id":"https://turismobenavente.es/en/monument/casa-del-cervato/","url":"https://turismobenavente.es/en/monument/casa-del-cervato/","name":"Casa del Cervato - Turismo y Cultura Benavente","isPartOf":{"@id":"https://turismobenavente.es/en/#website"},"primaryImageOfPage":{"@id":"https://turismobenavente.es/en/monument/casa-del-cervato/#primaryimage"},"image":{"@id":"https://turismobenavente.es/en/monument/casa-del-cervato/#primaryimage"},"thumbnailUrl":"https://turismobenavente.es/wp-content/uploads/2024/09/pat_cervato_1.jpg","datePublished":"2024-09-24T09:24:34+00:00","dateModified":"2024-10-10T16:11:24+00:00","breadcrumb":{"@id":"https://turismobenavente.es/en/monument/casa-del-cervato/#breadcrumb"},"inLanguage":"en-US","potentialAction":[{"@type":"ReadAction","target":["https://turismobenavente.es/en/monument/casa-del-cervato/"]}]},{"@type":"ImageObject","inLanguage":"en-US","@id":"https://turismobenavente.es/en/monument/casa-del-cervato/#primaryimage","url":"https://turismobenavente.es/wp-content/uploads/2024/09/pat_cervato_1.jpg","contentUrl":"https://turismobenavente.es/wp-content/uploads/2024/09/pat_cervato_1.jpg","width":800,"height":600},{"@type":"BreadcrumbList","@id":"https://turismobenavente.es/en/monument/casa-del-cervato/#breadcrumb","itemListElement":[{"@type":"ListItem","position":1,"name":"Portada","item":"https://turismobenavente.es/en/"},{"@type":"ListItem","position":2,"name":"Casa del Cervato"}]},{"@type":"WebSite","@id":"https://turismobenavente.es/en/#website","url":"https://turismobenavente.es/en/","name":"Turismo y Cultura Benavente","description":"","publisher":{"@id":"https://turismobenavente.es/en/#organization"},"potentialAction":[{"@type":"SearchAction","target":{"@type":"EntryPoint","urlTemplate":"https://turismobenavente.es/en/?s={search_term_string}"},"query-input":{"@type":"PropertyValueSpecification","valueRequired":true,"valueName":"search_term_string"}}],"inLanguage":"en-US"},{"@type":"Organization","@id":"https://turismobenavente.es/en/#organization","name":"Turismo y Cultura Benavente","url":"https://turismobenavente.es/en/","logo":{"@type":"ImageObject","inLanguage":"en-US","@id":"https://turismobenavente.es/en/#/schema/logo/image/","url":"https://turismobenavente.es/wp-content/uploads/2024/09/logo_header.svg","contentUrl":"https://turismobenavente.es/wp-content/uploads/2024/09/logo_header.svg","caption":"Turismo y Cultura Benavente"},"image":{"@id":"https://turismobenavente.es/en/#/schema/logo/image/"}}]}</script>
<!-- / Yoast SEO plugin. -->

Also known as Casa de los Rodríguez, it was ordered to be built as a family residence by the politician and landowner José Rodríguez y Rodríguez, who belonged to the so-called &#8220;clan of the Cervatos&#8221; (originally from the town of Villardeciervos in Carballos). It is a building that participates in its set of nineteenth-century historicism. [&hellip;]
